{"id":794,"date":"2025-05-02T17:34:39","date_gmt":"2025-05-02T20:34:39","guid":{"rendered":"https:\/\/www.innovetecnologia.com.br\/?page_id=794"},"modified":"2025-05-02T18:20:47","modified_gmt":"2025-05-02T21:20:47","slug":"instalacoes-eletricas-profissional","status":"publish","type":"page","link":"https:\/\/www.innovetecnologia.com.br\/?page_id=794","title":{"rendered":"Instala\u00e7\u00f5es El\u00e9tricas Profissional"},"content":{"rendered":"\t\t<div data-elementor-type=\"wp-page\" data-elementor-id=\"794\" class=\"elementor elementor-794\" data-elementor-post-type=\"page\">\n\t\t\t\t\t\t<section class=\"elementor-section elementor-top-section elementor-element elementor-element-d37cf89 elementor-section-boxed elementor-section-height-default elementor-section-height-default\" data-id=\"d37cf89\" data-element_type=\"section\" data-settings=\"{&quot;background_background&quot;:&quot;classic&quot;,&quot;ekit_has_onepagescroll_dot&quot;:&quot;yes&quot;}\">\n\t\t\t\t\t\t\t<div class=\"elementor-background-overlay\"><\/div>\n\t\t\t\t\t\t\t<div class=\"elementor-container elementor-column-gap-default\">\n\t\t\t\t\t<div class=\"elementor-column elementor-col-100 elementor-top-column elementor-element elementor-element-58f06a88\" data-id=\"58f06a88\" data-element_type=\"column\">\n\t\t\t<div class=\"elementor-widget-wrap elementor-element-populated\">\n\t\t\t\t\t\t<div class=\"elementor-element elementor-element-7526c0f9 elementor-widget elementor-widget-heading\" data-id=\"7526c0f9\" data-element_type=\"widget\" data-settings=\"{&quot;ekit_we_effect_on&quot;:&quot;none&quot;}\" data-widget_type=\"heading.default\">\n\t\t\t\t\t<h1 class=\"elementor-heading-title elementor-size-default\">Instala\u00e7\u00f5es El\u00e9tricas Profissional<\/h1>\t\t\t\t<\/div>\n\t\t\t\t<div class=\"elementor-element elementor-element-240bbeda elementor-icon-list--layout-inline elementor-align-center elementor-list-item-link-full_width elementor-widget elementor-widget-icon-list\" data-id=\"240bbeda\" data-element_type=\"widget\" data-settings=\"{&quot;ekit_we_effect_on&quot;:&quot;none&quot;}\" data-widget_type=\"icon-list.default\">\n\t\t\t\t\t\t\t<ul class=\"elementor-icon-list-items elementor-inline-items\">\n\t\t\t\t\t\t\t<li class=\"elementor-icon-list-item elementor-inline-item\">\n\t\t\t\t\t\t\t\t\t\t<span class=\"elementor-icon-list-text\">Home<\/span>\n\t\t\t\t\t\t\t\t\t<\/li>\n\t\t\t\t\t\t\t\t<li class=\"elementor-icon-list-item elementor-inline-item\">\n\t\t\t\t\t\t\t\t\t\t\t<span class=\"elementor-icon-list-icon\">\n\t\t\t\t\t\t\t<i aria-hidden=\"true\" class=\"icon icon-right-arrow\"><\/i>\t\t\t\t\t\t<\/span>\n\t\t\t\t\t\t\t\t\t\t<span class=\"elementor-icon-list-text\">Instala\u00e7\u00f5es El\u00e9tricas Profissional<\/span>\n\t\t\t\t\t\t\t\t\t<\/li>\n\t\t\t\t\t\t<\/ul>\n\t\t\t\t\t\t<\/div>\n\t\t\t\t\t<\/div>\n\t\t<\/div>\n\t\t\t\t\t<\/div>\n\t\t<\/section>\n\t\t\t\t<section class=\"elementor-section elementor-top-section elementor-element elementor-element-325ae395 elementor-section-content-middle elementor-section-boxed elementor-section-height-default elementor-section-height-default\" data-id=\"325ae395\" data-element_type=\"section\" data-settings=\"{&quot;background_background&quot;:&quot;gradient&quot;,&quot;ekit_has_onepagescroll_dot&quot;:&quot;yes&quot;}\">\n\t\t\t\t\t\t<div class=\"elementor-container elementor-column-gap-default\">\n\t\t\t\t\t<div class=\"elementor-column elementor-col-100 elementor-top-column elementor-element elementor-element-12f07ad4\" data-id=\"12f07ad4\" data-element_type=\"column\">\n\t\t\t<div class=\"elementor-widget-wrap elementor-element-populated\">\n\t\t\t\t\t\t<div class=\"elementor-element elementor-element-587ab8 elementor-widget elementor-widget-heading\" data-id=\"587ab8\" data-element_type=\"widget\" data-settings=\"{&quot;ekit_we_effect_on&quot;:&quot;none&quot;}\" data-widget_type=\"heading.default\">\n\t\t\t\t\t<h6 class=\"elementor-heading-title elementor-size-default\">Podemos auxiliar nos projetos el\u00e9tricos da sua companhia.\n<\/h6>\t\t\t\t<\/div>\n\t\t\t\t<div class=\"elementor-element elementor-element-84ca08d elementor-widget elementor-widget-heading\" data-id=\"84ca08d\" data-element_type=\"widget\" data-settings=\"{&quot;ekit_we_effect_on&quot;:&quot;none&quot;}\" data-widget_type=\"heading.default\">\n\t\t\t\t\t<h2 class=\"elementor-heading-title elementor-size-default\">Nossos Servi\u00e7os El\u00e9tricos: Excel\u00eancia e Seguran\u00e7a em Cada Projeto<\/h2>\t\t\t\t<\/div>\n\t\t\t\t<div class=\"elementor-element elementor-element-37eb46f2 elementor-widget elementor-widget-text-editor\" data-id=\"37eb46f2\" data-element_type=\"widget\" data-settings=\"{&quot;ekit_we_effect_on&quot;:&quot;none&quot;}\" data-widget_type=\"text-editor.default\">\n\t\t\t\t\t\t\t\t\t<p>Em um mundo onde a eletricidade \u00e9 essencial para o funcionamento de condom\u00ednios e empresas, contar com servi\u00e7os de qualidade \u00e9 primordial. Nossa empresa se destaca na oferta de instala\u00e7\u00f5es el\u00e9tricas, manuten\u00e7\u00e3o e montagem de subesta\u00e7\u00f5es, sistemas de prote\u00e7\u00e3o contra descargas atmosf\u00e9ricas (SPDA) e para-raios, al\u00e9m da constru\u00e7\u00e3o e manuten\u00e7\u00e3o de redes el\u00e9tricas.<\/p><p>Com uma equipe liderada por gestores que acumulam mais de 20 anos de experi\u00eancia no mercado de manuten\u00e7\u00e3o, garantimos a excel\u00eancia em todos os nossos servi\u00e7os. Nossos colaboradores s\u00e3o n\u00e3o apenas altamente treinados e certificados, mas tamb\u00e9m mantidos atualizados em suas respectivas fun\u00e7\u00f5es, assegurando que as melhores pr\u00e1ticas e tecnologias estejam sempre em uso.<\/p><p>Atendemos exclusivamente condom\u00ednios e empresas de todos os portes, incluindo bancos, escolas, arenas, empresas privadas, condom\u00ednios e shoppings. Nosso compromisso vai al\u00e9m da capital, estendendo-se tamb\u00e9m a todo o interior do Estado, sempre em busca de solu\u00e7\u00f5es el\u00e9tricas seguras e eficientes.<\/p><p>Estamos prontos para oferecer um atendimento diferenciado e personalizado, entendendo as necessidades espec\u00edficas de cada cliente. Com nossa experi\u00eancia e dedica\u00e7\u00e3o, garantimos a sua tranquilidade em rela\u00e7\u00e3o \u00e0s quest\u00f5es el\u00e9tricas, contribuindo para o sucesso e a seguran\u00e7a das suas opera\u00e7\u00f5es. Venha nos conhecer e descubra como podemos transformar sua infraestrutura el\u00e9trica<\/p>\t\t\t\t\t\t\t\t<\/div>\n\t\t\t\t\t<\/div>\n\t\t<\/div>\n\t\t\t\t\t<\/div>\n\t\t<\/section>\n\t\t\t\t<section class=\"elementor-section elementor-top-section elementor-element elementor-element-1c7a76c1 elementor-section-boxed elementor-section-height-default elementor-section-height-default\" data-id=\"1c7a76c1\" data-element_type=\"section\" data-settings=\"{&quot;background_background&quot;:&quot;gradient&quot;,&quot;ekit_has_onepagescroll_dot&quot;:&quot;yes&quot;}\">\n\t\t\t\t\t\t\t<div class=\"elementor-background-overlay\"><\/div>\n\t\t\t\t\t\t\t<div class=\"elementor-container elementor-column-gap-default\">\n\t\t\t\t\t<div class=\"elementor-column elementor-col-100 elementor-top-column elementor-element elementor-element-690a8be0\" data-id=\"690a8be0\" data-element_type=\"column\">\n\t\t\t<div class=\"elementor-widget-wrap elementor-element-populated\">\n\t\t\t\t\t\t<div class=\"elementor-element elementor-element-43a286eb elementor-widget elementor-widget-heading\" data-id=\"43a286eb\" data-element_type=\"widget\" data-settings=\"{&quot;ekit_we_effect_on&quot;:&quot;none&quot;}\" data-widget_type=\"heading.default\">\n\t\t\t\t\t<h6 class=\"elementor-heading-title elementor-size-default\">\nEngenheiros com mais de 25 anos de experi\u00eancia<\/h6>\t\t\t\t<\/div>\n\t\t\t\t<div class=\"elementor-element elementor-element-46bb78e0 elementor-widget elementor-widget-heading\" data-id=\"46bb78e0\" data-element_type=\"widget\" data-settings=\"{&quot;ekit_we_effect_on&quot;:&quot;none&quot;}\" data-widget_type=\"heading.default\">\n\t\t\t\t\t<h2 class=\"elementor-heading-title elementor-size-default\">Profissionais capacitados e com certifica\u00e7\u00e3o<\/h2>\t\t\t\t<\/div>\n\t\t\t\t<section class=\"elementor-section elementor-inner-section elementor-element elementor-element-f400d4e elementor-section-boxed elementor-section-height-default elementor-section-height-default\" data-id=\"f400d4e\" data-element_type=\"section\" data-settings=\"{&quot;ekit_has_onepagescroll_dot&quot;:&quot;yes&quot;}\">\n\t\t\t\t\t\t<div class=\"elementor-container elementor-column-gap-default\">\n\t\t\t\t\t<div class=\"elementor-column elementor-col-33 elementor-inner-column elementor-element elementor-element-17bc8153\" data-id=\"17bc8153\" data-element_type=\"column\">\n\t\t\t<div class=\"elementor-widget-wrap elementor-element-populated\">\n\t\t\t\t\t\t<div class=\"elementor-element elementor-element-20d4a749 ekit-equal-height-enable elementor-widget elementor-widget-elementskit-icon-box\" data-id=\"20d4a749\" data-element_type=\"widget\" data-settings=\"{&quot;ekit_we_effect_on&quot;:&quot;none&quot;}\" data-widget_type=\"elementskit-icon-box.default\">\n\t\t\t\t\t<div class=\"ekit-wid-con\" >        <!-- link opening -->\n                <a href=\"#\" class=\"ekit_global_links\">\n                <!-- end link opening -->\n\n        <div class=\"elementskit-infobox text- text-left icon-lef-right-aligin elementor-animation-float media  \">\n                            <div class=\"elementskit-box-header\">\n                <div class=\"elementskit-info-box-icon text-center\">\n                    <img decoding=\"async\" width=\"64\" height=\"64\" src=\"https:\/\/www.innovetecnologia.com.br\/wp-content\/uploads\/2023\/05\/16-antivirus-1.png\" class=\"attachment- size-\" alt=\"\" \/>                <\/div>\n          <\/div>\n                <div class=\"box-body\">\n                            <h3 class=\"elementskit-info-box-title\">\n                    An\u00e1lise da Qualidade de Energia: Um Estudo Abrangente                <\/h3>\n                        \t\t  \t<p>A qualidade da energia el\u00e9trica \u00e9 um aspecto fundamental para garantir a efici\u00eancia e a confiabilidade dos sistemas el\u00e9tricos.<\/p>\n                                <\/div>\n        \n        \n                <\/div>\n                <\/a>\n        <\/div>\t\t\t\t<\/div>\n\t\t\t\t\t<\/div>\n\t\t<\/div>\n\t\t\t\t<div class=\"elementor-column elementor-col-33 elementor-inner-column elementor-element elementor-element-45a353a3\" data-id=\"45a353a3\" data-element_type=\"column\">\n\t\t\t<div class=\"elementor-widget-wrap elementor-element-populated\">\n\t\t\t\t\t\t<div class=\"elementor-element elementor-element-717a4b05 ekit-equal-height-enable elementor-widget elementor-widget-elementskit-icon-box\" data-id=\"717a4b05\" data-element_type=\"widget\" data-settings=\"{&quot;ekit_we_effect_on&quot;:&quot;none&quot;}\" data-widget_type=\"elementskit-icon-box.default\">\n\t\t\t\t\t<div class=\"ekit-wid-con\" >        <!-- link opening -->\n                <a href=\"#\" class=\"ekit_global_links\">\n                <!-- end link opening -->\n\n        <div class=\"elementskit-infobox text- text-left icon-lef-right-aligin elementor-animation-float media  \">\n                            <div class=\"elementskit-box-header\">\n                <div class=\"elementskit-info-box-icon text-center\">\n                    <img decoding=\"async\" width=\"64\" height=\"64\" src=\"https:\/\/www.innovetecnologia.com.br\/wp-content\/uploads\/2023\/05\/4-payment-protection-1.png\" class=\"attachment- size-\" alt=\"\" \/>                <\/div>\n          <\/div>\n                <div class=\"box-body\">\n                            <h3 class=\"elementskit-info-box-title\">\n                    Projeto El\u00e9trico na Constru\u00e7\u00e3o e Reforma de Estruturas                <\/h3>\n                        \t\t  \t<p>O projeto el\u00e9trico \u00e9 um elemento fundamental nas etapas de constru\u00e7\u00e3o e reforma de qualquer estrutura, seja residencial, comercial ou industrial. <\/p>\n                                <\/div>\n        \n        \n                <\/div>\n                <\/a>\n        <\/div>\t\t\t\t<\/div>\n\t\t\t\t\t<\/div>\n\t\t<\/div>\n\t\t\t\t<div class=\"elementor-column elementor-col-33 elementor-inner-column elementor-element elementor-element-441997bf\" data-id=\"441997bf\" data-element_type=\"column\">\n\t\t\t<div class=\"elementor-widget-wrap elementor-element-populated\">\n\t\t\t\t\t\t<div class=\"elementor-element elementor-element-3165fb75 ekit-equal-height-enable elementor-widget elementor-widget-elementskit-icon-box\" data-id=\"3165fb75\" data-element_type=\"widget\" data-settings=\"{&quot;ekit_we_effect_on&quot;:&quot;none&quot;}\" data-widget_type=\"elementskit-icon-box.default\">\n\t\t\t\t\t<div class=\"ekit-wid-con\" >        <!-- link opening -->\n                <a href=\"#\" class=\"ekit_global_links\">\n                <!-- end link opening -->\n\n        <div class=\"elementskit-infobox text- text-left icon-lef-right-aligin elementor-animation-float media  \">\n                            <div class=\"elementskit-box-header\">\n                <div class=\"elementskit-info-box-icon text-center\">\n                    <img decoding=\"async\" width=\"64\" height=\"64\" src=\"https:\/\/www.innovetecnologia.com.br\/wp-content\/uploads\/2023\/05\/25-shopping-online-1.png\" class=\"attachment- size-\" alt=\"\" \/>                <\/div>\n          <\/div>\n                <div class=\"box-body\">\n                            <h3 class=\"elementskit-info-box-title\">\n                    Instala\u00e7\u00f5es El\u00e9tricas                <\/h3>\n                        \t\t  \t<p>As instala\u00e7\u00f5es el\u00e9tricas s\u00e3o fundamentais para o funcionamento adequado de qualquer edifica\u00e7\u00e3o, desde resid\u00eancias at\u00e9 grandes ind\u00fastrias.<\/p>\n                                <\/div>\n        \n        \n                <\/div>\n                <\/a>\n        <\/div>\t\t\t\t<\/div>\n\t\t\t\t\t<\/div>\n\t\t<\/div>\n\t\t\t\t\t<\/div>\n\t\t<\/section>\n\t\t\t\t<section class=\"elementor-section elementor-inner-section elementor-element elementor-element-1b7f842c elementor-section-boxed elementor-section-height-default elementor-section-height-default\" data-id=\"1b7f842c\" data-element_type=\"section\" data-settings=\"{&quot;ekit_has_onepagescroll_dot&quot;:&quot;yes&quot;}\">\n\t\t\t\t\t\t<div class=\"elementor-container elementor-column-gap-default\">\n\t\t\t\t\t<div class=\"elementor-column elementor-col-33 elementor-inner-column elementor-element elementor-element-39efc089\" data-id=\"39efc089\" data-element_type=\"column\">\n\t\t\t<div class=\"elementor-widget-wrap elementor-element-populated\">\n\t\t\t\t\t\t<div class=\"elementor-element elementor-element-258d73be ekit-equal-height-enable elementor-widget elementor-widget-elementskit-icon-box\" data-id=\"258d73be\" data-element_type=\"widget\" data-settings=\"{&quot;ekit_we_effect_on&quot;:&quot;none&quot;}\" data-widget_type=\"elementskit-icon-box.default\">\n\t\t\t\t\t<div class=\"ekit-wid-con\" >        <!-- link opening -->\n                <a href=\"#\" class=\"ekit_global_links\">\n                <!-- end link opening -->\n\n        <div class=\"elementskit-infobox text- text-left icon-lef-right-aligin elementor-animation-float media  \">\n                            <div class=\"elementskit-box-header\">\n                <div class=\"elementskit-info-box-icon text-center\">\n                    <img loading=\"lazy\" decoding=\"async\" width=\"64\" height=\"64\" src=\"https:\/\/www.innovetecnologia.com.br\/wp-content\/uploads\/2023\/05\/18-laptop-1.png\" class=\"attachment- size-\" alt=\"\" \/>                <\/div>\n          <\/div>\n                <div class=\"box-body\">\n                            <h3 class=\"elementskit-info-box-title\">\n                    Equipe Volante de Manuten\u00e7\u00e3o                <\/h3>\n                        \t\t  \t<p>A equipe volante de manuten\u00e7\u00e3o desempenha um papel crucial na opera\u00e7\u00e3o eficiente de diversas institui\u00e7\u00f5es, desde f\u00e1bricas at\u00e9 hospitais e pr\u00e9dios comerciais<\/p>\n                                <\/div>\n        \n        \n                <\/div>\n                <\/a>\n        <\/div>\t\t\t\t<\/div>\n\t\t\t\t\t<\/div>\n\t\t<\/div>\n\t\t\t\t<div class=\"elementor-column elementor-col-33 elementor-inner-column elementor-element elementor-element-64b2104a\" data-id=\"64b2104a\" data-element_type=\"column\">\n\t\t\t<div class=\"elementor-widget-wrap elementor-element-populated\">\n\t\t\t\t\t\t<div class=\"elementor-element elementor-element-4c3b860c ekit-equal-height-enable elementor-widget elementor-widget-elementskit-icon-box\" data-id=\"4c3b860c\" data-element_type=\"widget\" data-settings=\"{&quot;ekit_we_effect_on&quot;:&quot;none&quot;}\" data-widget_type=\"elementskit-icon-box.default\">\n\t\t\t\t\t<div class=\"ekit-wid-con\" >        <!-- link opening -->\n                <a href=\"#\" class=\"ekit_global_links\">\n                <!-- end link opening -->\n\n        <div class=\"elementskit-infobox text- text-left icon-lef-right-aligin elementor-animation-float media  \">\n                            <div class=\"elementskit-box-header\">\n                <div class=\"elementskit-info-box-icon text-center\">\n                    <img loading=\"lazy\" decoding=\"async\" width=\"64\" height=\"64\" src=\"https:\/\/www.innovetecnologia.com.br\/wp-content\/uploads\/2023\/05\/11-secret-1.png\" class=\"attachment- size-\" alt=\"\" \/>                <\/div>\n          <\/div>\n                <div class=\"box-body\">\n                            <h3 class=\"elementskit-info-box-title\">\n                    Supervis\u00e3o de obras                <\/h3>\n                        \t\t  \t<p>A supervis\u00e3o de obras \u00e9 uma etapa crucial na execu\u00e7\u00e3o de projetos de constru\u00e7\u00e3o civil. <\/p>\n                                <\/div>\n        \n        \n                <\/div>\n                <\/a>\n        <\/div>\t\t\t\t<\/div>\n\t\t\t\t\t<\/div>\n\t\t<\/div>\n\t\t\t\t<div class=\"elementor-column elementor-col-33 elementor-inner-column elementor-element elementor-element-6067bd6b\" data-id=\"6067bd6b\" data-element_type=\"column\">\n\t\t\t<div class=\"elementor-widget-wrap elementor-element-populated\">\n\t\t\t\t\t\t<div class=\"elementor-element elementor-element-2ff86d00 ekit-equal-height-enable elementor-widget elementor-widget-elementskit-icon-box\" data-id=\"2ff86d00\" data-element_type=\"widget\" data-settings=\"{&quot;ekit_we_effect_on&quot;:&quot;none&quot;}\" data-widget_type=\"elementskit-icon-box.default\">\n\t\t\t\t\t<div class=\"ekit-wid-con\" >        <!-- link opening -->\n                <a href=\"#\" class=\"ekit_global_links\">\n                <!-- end link opening -->\n\n        <div class=\"elementskit-infobox text- text-left icon-lef-right-aligin elementor-animation-float media  \">\n                            <div class=\"elementskit-box-header\">\n                <div class=\"elementskit-info-box-icon text-center\">\n                    <img decoding=\"async\" width=\"64\" height=\"64\" src=\"https:\/\/www.innovetecnologia.com.br\/wp-content\/uploads\/2023\/05\/25-shopping-online-1.png\" class=\"attachment- size-\" alt=\"\" \/>                <\/div>\n          <\/div>\n                <div class=\"box-body\">\n                            <h3 class=\"elementskit-info-box-title\">\n                    Aterramento el\u00e9trico                 <\/h3>\n                        \t\t  \t<p>O aterramento el\u00e9trico \u00e9 um componente fundamental na seguran\u00e7a de instala\u00e7\u00f5es el\u00e9tricas. <\/p>\n                                <\/div>\n        \n        \n                <\/div>\n                <\/a>\n        <\/div>\t\t\t\t<\/div>\n\t\t\t\t\t<\/div>\n\t\t<\/div>\n\t\t\t\t\t<\/div>\n\t\t<\/section>\n\t\t\t\t\t<\/div>\n\t\t<\/div>\n\t\t\t\t\t<\/div>\n\t\t<\/section>\n\t\t\t\t<section class=\"elementor-section elementor-top-section elementor-element elementor-element-1ac21de4 elementor-section-boxed elementor-section-height-default elementor-section-height-default\" data-id=\"1ac21de4\" data-element_type=\"section\" data-settings=\"{&quot;background_background&quot;:&quot;classic&quot;,&quot;ekit_has_onepagescroll_dot&quot;:&quot;yes&quot;}\">\n\t\t\t\t\t\t\t<div class=\"elementor-background-overlay\"><\/div>\n\t\t\t\t\t\t\t<div class=\"elementor-container elementor-column-gap-default\">\n\t\t\t\t\t<div class=\"elementor-column elementor-col-100 elementor-top-column elementor-element elementor-element-2f23e3f0\" data-id=\"2f23e3f0\" data-element_type=\"column\">\n\t\t\t<div class=\"elementor-widget-wrap elementor-element-populated\">\n\t\t\t\t\t\t<div class=\"elementor-element elementor-element-62a78e61 elementor-widget elementor-widget-heading\" data-id=\"62a78e61\" data-element_type=\"widget\" data-settings=\"{&quot;ekit_we_effect_on&quot;:&quot;none&quot;}\" data-widget_type=\"heading.default\">\n\t\t\t\t\t<h2 class=\"elementor-heading-title elementor-size-default\">Servi\u00e7os de Engenharia El\u00e9trica para Empresas e Resid\u00eancia <\/h2>\t\t\t\t<\/div>\n\t\t\t\t<div class=\"elementor-element elementor-element-7a4bda90 elementor-widget elementor-widget-text-editor\" data-id=\"7a4bda90\" data-element_type=\"widget\" data-settings=\"{&quot;ekit_we_effect_on&quot;:&quot;none&quot;}\" data-widget_type=\"text-editor.default\">\n\t\t\t\t\t\t\t\t\t<p>Na nossa empresa, somos especializados em engenharia el\u00e9trica, oferecendo uma gama abrangente de servi\u00e7os voltados para a manuten\u00e7\u00e3o, instala\u00e7\u00e3o e projeto completo de sistemas el\u00e9tricos.\u00a0<\/p>\t\t\t\t\t\t\t\t<\/div>\n\t\t\t\t\t<\/div>\n\t\t<\/div>\n\t\t\t\t\t<\/div>\n\t\t<\/section>\n\t\t\t\t<\/div>\n\t\t","protected":false},"excerpt":{"rendered":"<p>Home Podemos auxiliar nos projetos el\u00e9tricos da sua companhia. Nossos Servi\u00e7os El\u00e9tricos: Excel\u00eancia e Seguran\u00e7a em Cada Projeto Em um mundo onde a eletricidade \u00e9 essencial para o funcionamento de condom\u00ednios e empresas, contar com servi\u00e7os de qualidade \u00e9 primordial. Nossa empresa se destaca na oferta de instala\u00e7\u00f5es el\u00e9tricas, manuten\u00e7\u00e3o e montagem de subesta\u00e7\u00f5es, sistemas [&hellip;]<\/p>\n","protected":false},"author":1,"featured_media":0,"parent":0,"menu_order":0,"comment_status":"closed","ping_status":"closed","template":"","meta":{"_eb_attr":"","_uf_show_specific_survey":0,"_uf_disable_surveys":false,"footnotes":""},"class_list":["post-794","page","type-page","status-publish","hentry"],"_links":{"self":[{"href":"https:\/\/www.innovetecnologia.com.br\/index.php?rest_route=\/wp\/v2\/pages\/794","targetHints":{"allow":["GET"]}}],"collection":[{"href":"https:\/\/www.innovetecnologia.com.br\/index.php?rest_route=\/wp\/v2\/pages"}],"about":[{"href":"https:\/\/www.innovetecnologia.com.br\/index.php?rest_route=\/wp\/v2\/types\/page"}],"author":[{"embeddable":true,"href":"https:\/\/www.innovetecnologia.com.br\/index.php?rest_route=\/wp\/v2\/users\/1"}],"replies":[{"embeddable":true,"href":"https:\/\/www.innovetecnologia.com.br\/index.php?rest_route=%2Fwp%2Fv2%2Fcomments&post=794"}],"version-history":[{"count":28,"href":"https:\/\/www.innovetecnologia.com.br\/index.php?rest_route=\/wp\/v2\/pages\/794\/revisions"}],"predecessor-version":[{"id":827,"href":"https:\/\/www.innovetecnologia.com.br\/index.php?rest_route=\/wp\/v2\/pages\/794\/revisions\/827"}],"wp:attachment":[{"href":"https:\/\/www.innovetecnologia.com.br\/index.php?rest_route=%2Fwp%2Fv2%2Fmedia&parent=794"}],"curies":[{"name":"wp","href":"https:\/\/api.w.org\/{rel}","templated":true}]}}